. Let d(s) = s**2 + 6*s + 3. Determine d(h).
-2
Suppose 3*i + 3 = 2*i. Let z(k) = -29*k + 27*k + 74 - 78. Determine z(i).
2
Let g(x) = 3*x - 8. Let l(z) = -z. Let c(h) = g(h) + 4*l(h). What is c(-9)?
1
Let g(m) = -2*m + 31. Let t(o) be the first derivative of -15*o + 2 + 1/2*o**2. Let h(d) = 6*g(d) + 13*t(d). Calculate h(4).
-5
Let i(r) be the second derivative of r**3 - 1/2*r**2 - 1/12*r**4 + 4*r + 0. Determine i(4).
7
Suppose -8*d - 24 = 8. Let c(k) = 7*k - 5. Let a(y) = 10*y - 7. Let s(l) = 5*a(l) - 7*c(l). Determine s(d).
-4
Let i(a) = -a**3 + 3*a**2 + 4*a. Let y be i(4). Let m(x) be the second derivative of x**3/6 - x**2 + 4*x. Determine m(y).
-2
Let h(a) = 4 + 4 + 2*a - 4 + 4. Determine h(-7).
-6
Suppose 0 = -2*h - 10 - 0. Let n(m) be the third derivative of -m**5/60 - m**4/6 + m**3/3 - m**2. Give n(h).
-3
Let g(q) = -2*q**2 - 1. Let n(z) = -z**2 - z. Let k(d) = -g(d) + 3*n(d). Let j be k(-4). Let c(u) = u - 4 + 4. Determine c(j).
-3
Let f(u) = u**3 + 2*u**2 - 5*u + 2. Let s = 5 + -2. Let l(b) = 2*b**3 + b**2 - 6*b + 1. Let q(w) = s*f(w) - 2*l(w). What is q(4)?
-8
Suppose -4*c - 4 = -2*c. Let q(z) = 7 + 4*z + 3*z**2 - 4 - 2*z**2. What is q(c)?
-1
Let x(y) = -4*y**2 + y + 1. Let z be (-27)/(-5) - (-20)/(-50). Let r(g) = -g**2 + 5*g - 1. Let s be r(z). What is x(s)?
-4
Let v(d) = d - 5. Let p(x) = x**2 + 9*x + 10. Let m be p(-7). Determine v(m).
-9
Suppose -q + 4*b + 7 = 0, 3*q + 1 = 4*b + 6. Let p(l) be the third derivative of 0*l + 1/30*l**5 + 1/12*l**4 + 1/24*l**6 + 0 + 1/6*l**3 - l**2. Calculate p(q).
-4
Let w(f) = 2*f - 2. Let x be w(6). Let c = -14 + x. Let p(u) be the second derivative of u**4/12 + 2*u**3/3 + 3*u. Give p(c).
0
Let p(a) be the second derivative of -a**4/12 + a**3/2 + 5*a**2/2 - 12*a. Give p(5).
-5
Let x(m) = m**2 - 3*m - 3. Suppose b = -0*b + 4. Let a be x(b). Let c(y) = 7*y. What is c(a)?
7
Let w(q) = -q**2 + 5*q + 6. Let s = 0 + 5. Calculate w(s).
6
Let z(j) = j + 5. Suppose 0 = -k - x - 2*x + 10, -4*k - 4*x + 24 = 0. Suppose -2*v = -k*v. Determine z(v).
5
Let y(s) = -2*s + 2*s - 8*s**2. Suppose 0 = a + a - 2. What is y(a)?
-8
Let b(t) = -t**2 - 2. Let p = -26 - -15. Let w = p + 14. Determine b(w).
-11
Let f = -1 - -6. Let t(h) = 56*h**2 + h - f*h**3 - 56*h**2. Give t(-1).
4
Let n(d) = -6*d + 5. Let z(s) = 13*s - 11. Let h(c) = 5*n(c) + 2*z(c). Let u = -5 + 1. Let g = u - -6. Give h(g).
-5
Let k(m) = m**2 - m + 1. Let j(r) = 7*r**2 - 3*r + 7. Let t(y) = -j(y) + 6*k(y). Calculate t(-1).
1
Let d = 52 - 48. Let v(o) = o**3 - 4*o**2 + o. Give v(d).
4
Let b = 5 - 4. Let z(m) = 7*m**2 - b + 1 - m. Give z(-1).
8
Let u = 1 + 0. Let t be (0 - 0)/(u - 3). Let f be t/((-1 - -1) + 2). Let q(p) = -p - 2. Give q(f).
-2
Let h(w) = w**3 + 8*w**2 - 5*w + 1. Let x(p) = 3*p**3 + 23*p**2 - 15*p + 3. Let i(r) = -11*h(r) + 4*x(r). Give i(-5).
1
Let r(y) = -y**3 + 2*y**2 - 2*y + 1. Let d = 15 - 10. Suppose -d*p - 2 = -17. Let g be (3/(-9))/((-1)/p). Calculate r(g).
0
Let q(u) = -3*u - 2. Let r be q(3). Let o be (-7)/(-2*(-4)/(-8)). Let m = r + o. Let n(g) = 3*g + 4. Give n(m).
-8
Let j(b) = -b**2 - 2*b - 1. Suppose 5*s + 35 = y, -4*y + 15 = -4*s - 29. Let l be (-2)/s*(3 - 0). Let t be (-1)/((1/2)/l). Calculate j(t).
-1
Suppose -t + 0 + 3 = 0. Let b(i) = -i**2 + 5*i - 3. Calculate b(t).
3
Let k(y) = 3*y**2 + 12*y - 8. Let w(z) = z**2 + z - 1. Let a(f) = k(f) - 6*w(f). Let j be a(2). Let s(q) = q**3 + 2*q**2 + 4*q + 3. Give s(j).
-5
Let c(j) = j**2 - 1. Let z(x) = 2*x**2 - 4. Suppose 4*p + 2*i + 0*i = -6, 5*p - 3*i = 20. Let y(w) = p*z(w) - c(w). Determine y(4).
13
Suppose -17 = -3*z + 3*m - 5, 2*m = -5*z + 34. Let j(h) = h**3 + 6*h**3 - 5*h**2 - 8 - h**3 - 5*h**3 - 3*h. What is j(z)?
10
Let o be (-27)/(-4) - 1/(-4). Let b(v) = 3*v - 1. Let a(f) = 6 + 4 - 1 - 4*f - 8. Let x(h) = o*b(h) + 6*a(h). What is x(-2)?
5
Let y(d) = d**2 - 1. Let m(h) = 13*h**3 + 7*h**2 + h - 6. Let q(l) = m(l) - 6*y(l). Give q(-1).
-13
Suppose 0 = -3*o + 6 + 6. Let y(w) = 1 + w**2 + o + 8*w + 2. Suppose -2*b + 4*t = 30, 1 = 4*b + 2*t + 11. Determine y(b).
-8
Let k(t) = 7*t**2 - 3*t - 5. Let h(q) = -11*q**2 + 5*q + 7. Let r(b) = -5*h(b) - 8*k(b). Let f(n) = -2*n**2 - 3*n - 2. Let d be f(-2). Calculate r(d).
-7
Let p = -7 + 6. Let h(y) be the second derivative of y + 1/2*y**2 + 0 + 1/6*y**3 + 0*y**4 - 1/20*y**5. Give h(p).
1
Suppose -5*i = -4*b + 9, 2*b + 2*b = -2*i - 26. Let s = -2 - b. Suppose -4 = s*g - 0*v + 2*v, 4*v = 0. Let p(k) = -k**2 + k - 1. Calculate p(g).
-7
Let f(j) = -j**3 - 2*j**2 - j - 2. Let i = -4 + 0. Let m(l) = l**2 + 5*l + 2. Let y be m(i). Calculate f(y).
0
Let r(u) = -u - 6. Let g be r(-7). Let p(s) = 7*s**2 + 1. Determine p(g).
8
Let j(r) = r**3 - r**2 + 3. Let i(g) = g**2 - 5*g. Let o be i(5). Let p be j(o). Let a(x) = -x**2 + 5*x - 1. Calculate a(p).
5
Let q(o) = -o + 25 - 38 + 0*o. Let s be (-16)/(-20) + (-68)/10. Determine q(s).
-7
Let n(c) = 0*c - 7*c + 2*c. Let v(f) = -f**3 + f**2 + 3*f. Let u be v(2). Give n(u).
-10
Let r = 9 - 5. Let t(u) = -10*u**2 + 19*u + 8. Let d(m) = 7*m**2 - 13*m - 5. Let f(j) = 7*d(j) + 5*t(j). Determine f(r).
5
Let d(s) = s**2 - 1. Let k be ((-3)/(-2))/(4/(-8)). Let h(r) = -10*r**2 - r + 3. Let q(x) = k*d(x) - h(x). Determine q(1).
8
Let a = 15 - 15. Let h(t) be the third derivative of 1/24*t**4 - 3*t**2 - 5/6*t**3 + 0*t + a. Give h(3).
-2
Let y(d) = 166*d - 4*d**3 - 167*d - 5 + 5*d**3. Give y(0).
-5
Let p(k) = 3*k - 1. Let y(l) = -l**3 + 6*l**2 + 8*l - 5. Let t be ((-7)/(-3))/((-2)/(-12)). Let x be 2/(0 + 4/t). Let g be y(x). Give p(g).
5
Let a(o) = -o**3 + 5*o**2 - 4*o + 4. Suppose 0 = -c + 2 + 1. Suppose 3*p - 4*j = -0*p + 16, c*p + 5*j = 7. Give a(p).
4
Let n(f) be the second derivative of f**3/6 - 7*f**2/2 - 8*f. What is n(0)?
-7
Let k(m) = -2*m**2 + 5*m**2 + 3*m**3 - 3*m**3 + m**3. Calculate k(-3).
0
Let b(i) be the second derivative of -4*i**3/3 + i**2/2 + 11*i. Calculate b(-1).
9
Let h = -2 + 2. Suppose h - 6 = 2*z. Let i(d) = -4*d + 1 - 5*d**2 + 3*d**3 + 0*d - 4*d**3. Calculate i(z).
-5
Suppose -5*i - 4 = -9*i. Let r(k) = 7*k**2 + 5*k - 5. Let c(j) = 14*j**2 + 11*j - 11. Let b(u) = -4*c(u) + 9*r(u). Give b(i).
7
Suppose 22*l - 32 = 6*l. Let f(b) be the second derivative of 0 - 1/6*b**3 + l*b + 1/2*b**2. Give f(3).
-2
Let b(d) = -d**3 - 5*d**2 - d - 3. Let k be b(-5). Let y(v) = -3*v**k - 4*v**2 - 1 + 8*v**2. Suppose 3*m - 7 + 1 = 0. Determine y(m).
3
Let v(b) = 2 - 2*b**2 + 6*b**2 + 2*b**3 - b**2 - b**2. Calculate v(-2).
-6
Suppose 2*k = 6*k - 12. Let x(s) = s**3 - 2*s**2 - 5*s + 3. Determine x(k).
-3
Suppose -3*o + 35 = 5*r, 3*r - o = 1 + 6. Let m(n) = n**2 - n - 4. Give m(r).
8
Let w(y) = y**2 + y + 1. Let j(b) = b**3 + 9*b**2 + 3*b + 7. Let g(q) = j(q) - 3*w(q). Let l be g(-6). Let a(t) = t**3 - 5*t**2 + 4*t - 3. What is a(l)?
-3
Let y(r) = -r**2 + 2*r - 1. Suppose -7*j - 25 = -2*j - 2*a, -3*j + 2*a - 15 = 0. Let q(w) = -w + 1. Let o(b) = j*q(b) + y(b). What is o(4)?
6
Let b(q) = 3*q + 8*q**3 + 2*q**2 - q - q. Let d(v) = -v**3 - 5*v**2 + v + 4. Let u be d(-5). Determine b(u).
-7
Let t(f) = 4*f - 4. Let u(k) = k**2 + 7*k + 14. Let s be u(-5). Calculate t(s).
12
Let k(p) = -p**3 - 9*p**2 + 4. Let f be k(-9). Let r(j) = j**3 - 3*j**2 - 6*j + 5. Calculate r(f).
-3
Let d(r) = 5*r**3 - 4*r**2 + 6*r - 3. Let c(v) = v**3 + v. Let k(w) = -4*c(w) + d(w). Let a(p) = p + 7. Let h be a(5). Let g be h/2 - (-10)/(-5). Give k(g).
5
Suppose 22 - 2 = 4*g. Suppose -2*l + g = -1. Let b(w) = -1. Let m(s) = s + 1. Let j(x) = b(x) - m(x). Give j(l).
-5
Suppose -37 = -2*m + 3. Let v be (16/m)/((-4)/(-10)). Let u(z) = 6*z - 4 + 4*z**v - z**3 - 8*z**2 + 2. Give u(-5).
-7
Let q(i) = 10*i + 11 - 5*i - 4*i. Determine q(-5).
6
Let g(i) be the first derivative of 4*i**3/3 - i**2 - i - 12. Calculate g(-1).
5
Let j(a) = -a**3 - 7*a**2 - 6*a + 3. Let i(q) = 29*q**2 + 1. Let d be i(1). Let o be ((-6)/(-5))/((-6)/d). Give j(o).
3
Suppose n - 20 = -0*n. Let l = n - 18. Let u(a) = -3*a - 1. What is u(l)?
-7
Let r be (-33)/(-22)*(1 - 21/(-9)). Let b(m) = m**2 - 3*m - 7. Calculate b(r).
3
Let d(z) be the third derivative of -z**6/120 - z**5/60 + z**4/24 + z**3/3 - 3*z**2. Let x(v) = v**2 - 12*v + 9. Let f be x(11). Calculate d(f).
4
Let y = 23 + -25. Let b(d) = 4*d. Determine b(y).
-8
Let v = -7 - -9. Suppose v*a + p + 8 + 5 = 0, -2*